/60 - k**4/8 + k**3/2 + 2*k**2. What is c(-5)?
-7
Suppose -17 = 13*a - 95. Let o(z) = z**2 - 7*z. Give o(a).
-6
Let t(q) = q**3 + 7*q**2 + q + 9. Let m be t(-7). Let l(x) = -3 - 2*x + 8 + 0*x - x**m. Calculate l(-5).
-10
Let k(o) = -o - 10. Let v be k(-6). Let x(m) = m**3 + 5*m**2 + 4*m - 2. What is x(v)?
-2
Let s be -6*((-65)/30)/13. Let t(r) be the first derivative of r**4/4 + r**2/2 + 2. What is t(s)?
2
Let l(z) be the first derivative of -3 - z - 1/3*z**3 + 2*z**2. Suppose 2*o - 4 + 0 = 0. Determine l(o).
3
Let y(a) = -a**3 + a**2 - a - 1. Let n = 46 - 44. Give y(n).
-7
Let z(s) = s - 10. Let j be z(15). Let r(w) = 4*w + 4 - 7*w + 2*w. Give r(j).
-1
Let z(w) be the second derivative of -w**6/360 + w**5/40 - w**4/24 - w**3/2 - 3*w. Let a(f) be the second derivative of z(f). What is a(3)?
-1
Let u(g) = -g**2 - 5*g - 1. Let j be u(-4). Let h(w) = -w + 4. Let c be h(j). Let z(v) = -2*v - 1 + 2 + c. Give z(2).
-2
Let d(k) be the third derivative of -k**6/120 + k**5/15 - k**4/6 + k**2. Suppose 10*x - 24 = 6*x. Suppose -3 = b - x. What is d(b)?
-3
Let u(s) be the third derivative of s**8/20160 + s**7/1008 - s**6/720 + s**5/20 - 3*s**2. Let t(a) be the third derivative of u(a). Determine t(-5).
-1
Let g(x) = 2*x - 7. Suppose 5*s - 25 = 0, -1 = 3*z - 4*z + s. Calculate g(z).
5
Let u be -10*(1 - 21/15). Suppose b - 5*p - 7 = 0, u*b - 3*p = p - 4. Let s(t) = -t + 1. Let v(a) = a - 5. Let m(f) = 4*s(f) + v(f). Give m(b).
8
Let u(j) = j + 2. Let p(b) = 3*b + 3. Let t(a) = 4*p(a) - 10*u(a). Give t(7).
6
Let l = -105 - -111. Let u(f) = -f**2 + 10*f - 1. Calculate u(l).
23
Suppose -k + 6*k - 10 = 0. Let w(x) = -3*x**3 + 2*x**2 + 2*x - 3. What is w(k)?
-15
Let r(d) = 2*d**2 - 4*d + 4. Let i(g) = 3*g**2 - 7*g + 7. Let a(l) = -3*i(l) + 5*r(l). What is a(-1)?
-1
Let d(m) = -m + 4. Suppose -3*z = 0, j = -3*j - 4*z + 20. Let s(f) = 5 + f - 2*f + 0*f. Let a(r) = j*d(r) - 4*s(r). Give a(-4).
4
Suppose 6*b = b + 55. Let x(a) = -8 + 6*a - b*a - a**2 + 2*a**2. Give x(6).
-2
Let k be (-370)/25 + (-1)/5. Let c be (-2)/(-5) + k/(-25). Let v(f) = 1. Let s(z) = -z + 2. Let p(l) = s(l) - 2*v(l). Calculate p(c).
-1
Let b(k) = 3*k**3 + 4*k**2 + 2*k - 4. Let m(s) = -8*s**3 - 12*s**2 - 6*s + 12. Let c(p) = -11*b(p) - 4*m(p). Calculate c(4).
4
Let o(l) = -l**2 + 7*l - 4. Let c(t) = t - 2. Let z be c(-7). Let r = z + 5. Let h(q) = -q**2 - 4*q + 4. Let x be h(r). What is o(x)?
8
Let p(x) be the third derivative of x**4/24 + 2*x**3/3 + x**2. Give p(-3).
1
Let a(v) be the second derivative of 8*v - 1/3*v**3 - 7/2*v**2 + 0. Determine a(-6).
5
Let q be 20/(-6)*(-102)/85. Let u(o) be the second derivative of -o**4/12 + 5*o**3/6 - 3*o**2 - 4*o. Determine u(q).
-2
Suppose -3*n - 18 = -0*n. Let b be n/(1/(-2)*2). Let j(q) = 11*q - 14. Let g(i) = 5*i - 7. Let u(x) = b*j(x) - 13*g(x). What is u(0)?
7
Let i(n) = n**2 - 7*n + 3. Suppose 0 = 3*q + 2*q - 25. Determine i(q).
-7
Let w be 3/(-2)*(-4)/3. Suppose -k + 3*y = -0*y - 2, -k + 2 = -y. Let i(b) = -w + 6*b + k + 2. Calculate i(-2).
-10
Let n(c) = -5*c**2 - 7*c - 8. Let r(x) = -6*x**2 - 7*x - 9. Let l(o) = 7*n(o) - 6*r(o). Let p(v) = v**2 - 6*v - 1. Let m(b) = -2*l(b) + 3*p(b). Calculate m(5).
6
Let w be 14/2 + (-10 - -7). Let q(f) = 12*f - w*f - 6*f. Suppose 0*d = -4*d - 16. Give q(d).
-8
Let g(t) be the third derivative of 2*t**2 - 1/30*t**5 - 1/120*t**6 - 1/3*t**3 - 1/24*t**4 + 0*t + 0. Determine g(-3).
10
Let c(t) = -t. Let z(n) = -n**2 - 10*n + 1. Let y(a) = 5*c(a) - z(a). Determine y(-5).
-1
Let y(f) = f - 3. Let s(b) = -11*b - 4. Let t be s(-1). Give y(t).
4
Let c be ((-2)/(-5))/((-4)/40). Let y(w) be the third derivative of -w**4/24 - 5*w**3/6 + 2*w**2. Let d(k) = k + 6. Let u(f) = 4*d(f) + 5*y(f). Give u(c).
3
Suppose 1 = o - 3. Let w = o + -7. Let q(m) = 3*m**3 + m**2 - 2*m - 4. Let s(h) = -7*h**3 - h**2 + 4*h + 8. Let i(x) = -5*q(x) - 2*s(x). What is i(w)?
-2
Let s(m) = m**2 - 8*m. Let h be s(5). Let k = h - -13. Let n(p) = -p**3 - p**2 + p + 1. Calculate n(k).
3
Let z(l) be the third derivative of l**9/60480 - l**8/20160 + l**6/144 - l**5/12 - 2*l**2. Let q(c) be the third derivative of z(c). What is q(0)?
5
Let x(p) = p**3 - 3*p**2 - p - 4. Let s be x(4). Let n(u) = -1 + 2*u - 5*u - s*u. Give n(1).
-12
Suppose 2*n + 4 = 2. Let m(g) be the third derivative of g**5/60 - g**4/24 - g**3/6 + 15*g**2 + 2*g. Determine m(n).
1
Let w(t) = -t - 2. Let k(r) be the second derivative of r**4/3 - r**3/6 - 2*r. Let n be k(-1). Suppose -n*a - 5 = 5*o, -2*a = -3*o + 5 - 13. Give w(o).
0
Let q(o) be the first derivative of o**4/4 + 2*o**3 + 3*o**2 + 2*o - 3. Determine q(-5).
-3
Let t = 25 - 27. Let z be 4/14 - (-38)/14. Let o(b) = -z - 2*b**2 + b**2 - 5*b + 0. Give o(t).
3
Let g(w) = -4 - 1 + w**3 + 5 + 2*w**2. Let k(d) = -d**2 + 4*d + 2. Let q be k(5). Determine g(q).
-9
Suppose 0 = 3*f + a - 13, 1 = -f - a + 4. Let t(m) = 7*m**2 + 9*m - 8. Let k(c) = -3*c**2 - 4*c + 4. Let v(y) = f*k(y) + 2*t(y). Calculate v(-4).
-4
Let w(c) = 6*c + 1. Suppose 4*n - 4*t + 11 = 39, -4*n = -5*t - 30. Suppose n*i - 2*i = -m + 8, -5*i = 5*m - 10. Give w(m).
-5
Suppose 5*c + 2*x - 3 = 0, -x + 2*x + 5 = 4*c. Let k = -9 - -13. Let f(w) = c + k*w**2 + 4*w**2 - 6*w**2. Give f(1).
3
Let f = -8 - -14. Let r(v) = v. What is r(f)?
6
Suppose 15*x = 5*x - 70. Let d(j) = j + 4. What is d(x)?
-3
Let u(c) = -2*c + 12. Let x be u(8). Let t(m) = m**2 + 5*m - 1. Calculate t(x).
-5
Let l(n) be the first derivative of 2/3*n**3 + 0*n + 9 + 1/2*n**2 - 3/2*n**4. Determine l(-1).
7
Let x be (1 - -3)/(6 + -8). Let v(s) = -9*s + 3. Let p = -4 - -7. Let g(k) = -3*k + 1. Let b(l) = p*v(l) - 8*g(l). What is b(x)?
7
Let i(j) = 3*j**2 + j. Let x be i(0). Let s(f) be the third derivative of 5/24*f**4 + 0 - 1/6*f**3 - f**2 + x*f. What is s(1)?
4
Suppose 5*b = -0*b. Let x be (0 - (2 - b))/(-1). Let p(u) = u**x - 2*u + 0*u**3 - 4*u**2 + u**3. Calculate p(4).
8
Let m(v) be the third derivative of v**4/24 - 3*v**3/2 + 8*v**2. Calculate m(0).
-9
Let r(v) = -v**2 + 3*v + 2. Let k = 11 + -7. Give r(k).
-2
Let b be 4/(-1) + 2 + 0. Let c be ((-3)/(-6))/(b/(-8)). Let p(q) = 6*q + 29*q**2 - 13*q**2 - 5 + 2 - 17*q**2. Calculate p(c).
5
Let g = 0 - 1. Let m = 26 + -21. Let d(p) = -1 - 6*p - m*p + 8*p - 3*p. Determine d(g).
5
Let f(h) = -7*h**3 - 2*h**2 + 1. Let y be (-4)/(-2) + 2 + 3 + -8. What is f(y)?
6
Let d(m) = -m. Let u(i) = 4*i - 1. Let b(q) = 6*d(q) + u(q). Let z be 8/(-6) + (-2)/3. What is b(z)?
3
Let i(d) = -d**2 - 2*d + 2. Let m(n) = -n**3 - 3*n**2 + 3*n - 1. Let u be m(-4). Suppose u*x - 11 = h, 3*h = -11 - 4. Give i(x).
-6
Suppose 3*a = -0*a - 12, -5*d - 10 = 5*a. Let c(i) be the third derivative of i**4/8 - i**3/3 - i**2. Determine c(d).
4
Let y(z) = -5 + 7*z**2 - 2 + 2*z + 5 + 1. Give y(1).
8
Let c(v) = -v**3 - 5*v**2 + 2. Let y be c(-5). Let s(r) be the third derivative of 1/60*r**5 + r**y + 0 + 1/3*r**3 + 5/24*r**4 + 0*r. What is s(-3)?
-4
Let l be (2 + -10)/(2*-1). Suppose -2*z = -2*x - 0*x + 32, -l*z = 8. Suppose 1 = 5*f - x. Let n(q) = -q**2 + 2*q - 3. Give n(f).
-6
Let x(b) = -b + 1. Let w be x(0). Let g(y) be the second derivative of -y**3/2 + y**2/2 - 4*y. Calculate g(w).
-2
Let d(b) = -7*b - 4. Let s(y) = -y - 1. Let r(t) = d(t) - 6*s(t). Determine r(2).
0
Suppose l - 19 = 3*m, 2*l - m - 17 = -l. Let x(p) = -l - 3*p + 4*p + 1. Calculate x(4).
1
Let a(f) = f**2 - 2*f - 1. Suppose -2*y - 11*y = 13. Give a(y).
2
Let i(n) = -84*n - 2 + 1 - n**2 + 85*n. Determine i(3).
-7
Let c(q) = -q - 1. Suppose -3*d - 7 + 40 = 0. Let m = 26 - d. Suppose -2*l - 3*l = -m. Determine c(l).
-4
Let q(j) be the third derivative of j**5/60 + j**4/24 - 4*j**3/3 - 2*j**2. Let i(f) = 4*f**2 + 4*f - 32. Let c(k) = -2*i(k) + 9*q(k). Calculate c(0).
-8
Let m(a) = -a**3 - 3*a**2 + 2*a. Let w(q) = -3*q**3 - q**2 - 2. Let p be w(-2). Let s be p/(-4) - 1/(-2). Determine m(s).
8
Let d(l) be the second derivative of 0 - 2/3*l**3 + 3/2*l**2 + 1/12*l**4 + 2*l. Let v(f) = 4*f - 20. Let z be v(6). Give d(z).
3
Let o = 4 + 3. Let p = o - 11. Let y(f) be the third derivative of -f**4/12 - 5*f**3/6 - f**2. What is y(p)?
3
Let q(i) = 2*i**2 + 2*i - 1. Let k be q(-3). Let j be (k + -12)/((-1)/(-2)). Let r(n) = -n**2 - 2*n - 2. Determine r(j).
-2
Let w(d) be the second derivative of d**4/12 + 7*d**3/6 + 3*d**2/2 - d. Let s b